usands digit of z?
7
Let u(a) = -a**3 + 3*a**2 + 17*a + 13. Let l be u(6). What is the tens digit of 825 - ((-20)/(-5) - l)?
2
Let i = -99 - -28. Let s = -71 - i. Suppose q + s = 15. What is the tens digit of q?
1
Let i = 2740 - -10512. What is the hundreds digit of i?
2
Let s = -5 + 8. Suppose 0 = 98*q - 16*q - 21156. Suppose -4*p + 2*p = -s*n - q, n - 139 = -p. What is the hundreds digit of p?
1
Let h(z) = z**2 + 3*z - 9. Let t(o) = -o**3 - 5*o**2 + 4. Let u be t(-5). Let y(i) = 2*i**2 - 5*i - 4. Let k be y(u). What is the units digit of h(k)?
9
Let g(w) = w**3 - 29*w**2 + 59*w + 88. Let s be g(30). Suppose 3*o - 1093 = -2*h, 4*o + s = 5*h + 3*o. What is the hundreds digit of h?
5
Let x be (1 - 3)*(63/(-6))/(-3). What is the units digit of (-28)/x + -8 + (-402)/(-2)?
7
Let t(d) = -6*d**2 + 7*d. Let o be t(-3). Let u = -72 - o. Suppose -u*i + 2*f + 383 = 2*i, -f - 307 = -4*i. What is the units digit of i?
7
Let c(h) = -13*h - 19. Let r be c(-6). Suppose 3*g + 3*b = 228, -g - 2*b + r + 21 = 0. What is the units digit of (-3 + (-26)/(-6))/(1/g)?
6
Let s(l) = -16*l - 45. Let d be s(-3). What is the hundreds digit of (-4)/(-1 + d) - -248?
2
Suppose -16*g + 176471 + 23992 + 169825 = 0. What is the hundreds digit of g?
1
Let c = -4911 + 7082. What is the hundreds digit of c?
1
Let n = -3208 + 5746. What is the units digit of n?
8
Let b be 32 - ((-42)/7 + 4). Suppose 4*m - b*m + 600 = 0. What is the units digit of m?
0
Let c = -22 - -32. Suppose 14*r + 12 = c*r. What is the units digit of (((-24)/(-9))/(-4))/(r/225)?
0
Let q be -19 - -20 - 1/(-1). Suppose 788 = q*a - 284. What is the hundreds digit of a?
5
Let x(d) = -34*d - 62*d + 61*d - 2*d**2 - 11. Let r be x(-17). Suppose -r*q + q - 176 = -2*j, -2*j = 2*q - 204. What is the tens digit of j?
9
Suppose -5*j = -5*v, 2*j - 9*v + 8*v + 2 = 0. Let i(g) = g**2 + 4*g - 3. Let s be i(-4). What is the units digit of (-16)/((j/s)/(14/(-6)))?
6
Let n(w) = -10*w**3 - w**2 + 154*w - 12. What is the units digit of n(-11)?
3
Let q = 46 + -138. Let l = q - -100. Suppose -3*k = l*k - 1826. What is the units digit of k?
6
Let f(c) = 9*c**2 + 4*c + 7. Suppose -2*n + 7*n + 18 = -3*y, 3*n = 2*y + 12. What is the units digit of f(y)?
7
Let k = 45166 - 22731. What is the units digit of k?
5
Let g(r) be the second derivative of r**4/4 + 3*r**3/2 + 11*r**2/2 - 8*r. What is the tens digit of g(6)?
7
Let k = -22 - -41. Suppose -t = -18 - k. Let j = t + -11. What is the tens digit of j?
2
Let y = 3545 + 902. What is the tens digit of y?
4
What is the thousands digit of ((32704/10)/8)/((-594)/85 + 7)?
4
Let k(j) be the first derivative of 119*j**3 - 2*j**2 + 2*j - 13. Let f be k(1). Suppose f + 521 = 6*s. What is the tens digit of s?
4
Let o(c) be the first derivative of -c**4/4 - 26*c**3/3 - 19*c**2 - 27*c - 68. What is the units digit of o(-25)?
8
Let y(i) = i**3 + 7*i**2 + 3*i - 3. Suppose -2*v = -4, 0 = -w + 3*w - 3*v + 16. Let l be y(w). Suppose -l*t + 37*t - 1005 = 0. What is the hundreds digit of t?
2
Suppose -8*s + 5*s = -3. Let y be s/7 + (-9400)/(-56). Suppose a = 5*a + 4*l - y, -126 = -3*a - l. What is the tens digit of a?
4
What is the hundreds digit of (39822/(-4) - 1)*(-39 - (45 + -82))?
9
Suppose q + 2*x = -0*q + 19, -q + 3*x = -4. Suppose 0 = -17*y + q*y + 1828. What is the hundreds digit of y?
4
Let q(x) = 85*x**3 - 15*x**2 + 2*x - 1. What is the hundreds digit of q(4)?
2
Let t(i) = 26818*i**2 + 158*i + 157. What is the ten thousands digit of t(-1)?
2
Suppose -4*x = 5*k - 18028, 0 = -72*x + 69*x - 2*k + 13514. What is the hundreds digit of x?
5
Let h = 35766 - 25264. What is the units digit of h?
2
Let c = -612 - -1633. Let q = c - -763. What is the hundreds digit of q?
7
Let l = -8 - -3. Let g(s) be the second derivative of s**4/3 + 5*s**3/6 - 13*s**2/2 + 227*s. What is the units digit of g(l)?
2
Let h(o) = -5*o**3 - 4*o**2 + 2*o**2 - 6*o**2 + 2 - 5*o + 4*o**3. Let x be h(-8). Let i = x + -5. What is the units digit of i?
7
Let n = 2394 - -1814. What is the units digit of n?
8
Suppose 4*z + 4*t - 1608 = 0, -4*t = 3*z + t - 1200. Let d = -167 + z. What is the units digit of d?
8
What is the thousands digit of (-92)/(-11730)*15 + (112147/17 - -2)?
6
Let l(f) = 17*f + 848. Let c(h) = 4*h + 212. Let v(d) = 9*c(d) - 2*l(d). What is the hundreds digit of v(10)?
2
Let i be ((-2)/(-3))/(52/390). What is the tens digit of 349 + ((-30)/i)/(-2)?
5
Let z be 11/(110/(-810))*-1*1. Let u = z + 649. What is the tens digit of u?
3
Suppose 12795 = r - 5*j, 80*r = 81*r - 7*j - 12795. What is the hundreds digit of r?
7
Suppose -4*u + 848 = -4*l + 12408, -l = 2*u - 2902. What is the tens digit of l?
9
Suppose 42*l = 37*l - 5, -l = 5*k - 3224. What is the hundreds digit of k?
6
Let r be (2/8*0)/(-5 - -7). Let j(y) = -7*y + 342. What is the hundreds digit of j(r)?
3
Let f(y) be the second derivative of 2*y**3 - 3*y**2 - 5*y. Let q(d) = d**3 - 34*d**2 + 35*d - 58. Let j be q(33). What is the units digit of f(j)?
0
Let d(a) = 222*a - 16. Let h be d(-2). Let r = -277 - h. What is the hundreds digit of r?
1
Let n = 1464 + -791. Let g = 1250 - n. What is the hundreds digit of g?
5
Let h be 1071 + 12 - (-5)/(-1). Suppose 0 = d + f - 539, -d - d + h = 3*f. What is the units digit of d?
9
Suppose -21*k = -23*k + 36. Let d be 0/1 + k/3. What is the tens digit of (2/4)/(d/312)?
2
Let u be (27/(-15))/(6/(-80)). Suppose -8*n + u + 40 = 0. What is the units digit of n?
8
Suppose 3*b = -4*b + 221161 - 37439. What is the tens digit of b?
4
Let p(a) = a**3 - a**2 + 3. Let u be p(0). What is the units digit of u - (0/4 - 2)?
5
Let i = 11 + -33. Let c = -1393 - -1308. Let v = i - c. What is the units digit of v?
3
Let z(a) = -3*a - 52. Let v be z(-21). Suppose -910 = -v*u + 9*u + 2*h, -5*u + 2310 = 2*h. What is the tens digit of u?
6
Let k(j) be the second derivative of 0 + 21/2*j**2 + 17*j + j**3. What is the hundreds digit of k(19)?
1
Suppose -374*a = -377*a + 1167. Suppose -2*d = a - 1047. What is the units digit of d?
9
Suppose -5*r + 4 = -4*l + 11, -5*l = 3*r - 55. Let t(n) = -41*n + 426. Let k be t(6). Suppose -l*g - 2*g = -k. What is the units digit of g?
8
Let s(x) = x + 241. Let h be s(44). Let w = h + -166. What is the hundreds digit of w?
1
Let c(q) = -2*q - 7. Let a be c(-8). Let m be 4324/12 - 3/a. Suppose -11*y = -7*y - m. What is the tens digit of y?
9
Suppose 2*n + 12*l = -n + 83895, 12 = 2*l. What is the hundreds digit of n?
9
What is the units digit of ((-279)/(-27) - 9)/(4/(-6))*-2446?
2
Let c be (314/(-8))/((-5)/(5 - -55)). Let g = -186 + c. Let a = g + -127. What is the hundreds digit of a?
1
Suppose -61*c + 60*c - l = -2403, -c + l + 2411 = 0. What is the hundreds digit of c?
4
Suppose -4*v - 7440 = -3*b, -5*b - 4*v + 12184 = -152. What is the tens digit of b?
7
Suppose 48 = 16*z - 10*z. Suppose -2250 = -z*t + 790. What is the units digit of t?
0
Let x = 48 - 51. Let q(r) = -18*r**3 - 9*r**2 - 15*r - 4. What is the tens digit of q(x)?
4
Suppose -4*w + 128 = 3*k - 8*w, 3*k + w - 118 = 0. Let z(v) = v**3 - 10*v**2 + 15*v. Let n be z(10). Let d = n - k. What is the units digit of d?
0
Suppose 0*g + 12705 = 7*g. Suppose -11*f + g = -6*f. What is the hundreds digit of f?
3
Let g(q) = -q**2 + 2*q + 36. Suppose 5*d - 3*l + 19 = -0*d, d + l = 1. Let y be d - (-8)/4 - 0. What is the units digit of g(y)?
6
Let d = 24091 - -1336. What is the thousands digit of d?
5
Let t = 6 + -2. Let b be (-10)/190 + 231/57. Suppose k + 2*d = 20, b*k = t*d + d + 106. What is the units digit of k?
4
Suppose -110*f + 5736 = -107*f - 3*y, -5*f + 3*y + 9556 = 0. What is the units digit of f?
0
What is the tens digit of 35973/45 + 5 - (65/(-25) - -3)?
0
Suppose 165960 + 75574 + 73826 = 24*h. What is the tens digit of h?
4
Let d = 410 - 410. Suppose d = -17*f + 15895 + 731. What is the tens digit of f?
7
Let w(y) = 3*y**3 - 39*y**2 - 51*y + 54. What is the thousands digit of w(18)?
3
Suppose -11*o - 28 = 60. What is the units digit of -5 + (709 - (-2 - (o - -5)))?
3
Let y(c) = -c**3 + 11*c**2 - 17*c + 109. Let d be y(8). Suppose 3*w - 2 = -3*n + 1, 4*w - 16 = 2*n. Suppose -w*z = -174 - d. What is the units digit of z?
3
Let y(u) = u**3 + 44*u**2 - 169*u - 83. What is the thousands digit of y(-33)?
7
What is the units digit of (-171333 - (3 - 3))*14/(-16